99
Calculate the highest common divisor of 24136606 and 156.
26
What is the highest common divisor of 86198 and 16768?
262
What is the greatest common factor of 6694661244 and 92?
92
Calculate the highest common factor of 71961 and 805681.
1411
Calculate the greatest common factor of 9800748 and 2628.
36
Calculate the greatest common divisor of 378 and 11279601.
27
Calculate the greatest common divisor of 74298 and 23577.
87
What is the greatest common factor of 32554 and 618362?
82
What is the greatest common factor of 15225 and 1796025?
525
What is the greatest common divisor of 9699001 and 52?
13
Calculate the greatest common factor of 849513386 and 158.
158
Calculate the greatest common factor of 370015942 and 2594.
2594
Calculate the greatest common factor of 128313545 and 725.
145
What is the highest common factor of 13595111 and 99481?
1877
Calculate the greatest common factor of 328 and 25603598.
82
What is the highest common divisor of 50052 and 8016?
12
What is the greatest common factor of 200408 and 36049?
611
What is the highest common divisor of 78931752 and 24?
24
Calculate the greatest common factor of 4330900 and 705.
5
What is the highest common factor of 13034454 and 4110?
822
Calculate the highest common factor of 11160200 and 6150.
2050
What is the highest common divisor of 372 and 4260020?
124
Calculate the greatest common divisor of 100557 and 1143.
9
Calculate the greatest common factor of 7346924 and 6188.
884
Calculate the highest common divisor of 1960 and 2304176.
392
Calculate the highest common divisor of 68944 and 2088656.
496
Calculate the greatest common divisor of 22431096 and 81.
9
Calculate the highest common divisor of 93841704 and 4.
4
What is the greatest common factor of 11288 and 29864?
8
What is the highest common factor of 2963880 and 912?
24
Calculate the greatest common factor of 171473328 and 51376.
3952
Calculate the greatest common factor of 751238 and 9898.
202
Calculate the highest common divisor of 369 and 9932619.
123
Calculate the highest common divisor of 5000769 and 603081.
5337
What is the greatest common divisor of 2678046 and 56?
14
Calculate the greatest common divisor of 1368422 and 4873.
11
Calculate the highest common factor of 671012 and 1386364.
2956
Calculate the greatest common factor of 36072400 and 84000.
2800
What is the highest common factor of 252665 and 1330?
35
What is the greatest common divisor of 2110 and 167198510?
2110
Calculate the highest common factor of 35673 and 74796.
69
Calculate the highest common divisor of 1159389 and 36.
9
Calculate the greatest common divisor of 252 and 54679338.
126
What is the highest common divisor of 342 and 32233956?
114
Calculate the highest common divisor of 66262470 and 1830.
1830
What is the highest common divisor of 15144 and 461220616?
5048
What is the greatest common divisor of 1568726 and 16354?
1258
Calculate the greatest common divisor of 977028 and 7124.
52
Calculate the highest common factor of 603470826 and 1932.
966
What is the highest common divisor of 236124 and 14679?
63
What is the greatest common divisor of 84801675 and 6825?
525
What is the greatest common divisor of 98673 and 3906?
93
What is the highest common factor of 1158491 and 74?
1
Calculate the greatest common divisor of 10323207 and 29241.
81
Calculate the greatest common divisor of 3835 and 2326960.
295
What is the highest common divisor of 1742742 and 168858?
3186
What is the highest common divisor of 995 and 37495?
5
What is the greatest common divisor of 3094 and 5133128?
182
Calculate the greatest common divisor of 1190 and 11818198.
14
Calculate the greatest common factor of 300 and 114562940.
20
Calculate the greatest common divisor of 4008 and 24735372.
2004
What is the greatest common factor of 18135285 and 420?
105
Calculate the greatest common divisor of 656096 and 535108.
812
What is the highest common factor of 7344 and 22009560?
408
Calculate the greatest common factor of 386694 and 108.
54
Calculate the highest common divisor of 118 and 18311299.
59
What is the greatest common divisor of 165 and 22109637?
33
Calculate the greatest common factor of 9836594 and 15824.
1978
What is the greatest common divisor of 1345696 and 2112?
352
Calculate the greatest common factor of 31017253 and 209.
19
What is the highest common factor of 117325734 and 18?
6
What is the highest common divisor of 506923 and 24871?
17
What is the greatest common factor of 5603 and 214331?
13
What is the highest common factor of 48682925 and 15975?
1775
Calculate the greatest common divisor of 1792 and 114304.
128
What is the greatest common factor of 620 and 637515?
155
Calculate the highest common divisor of 6841664 and 44096.
3392
Calculate the greatest common factor of 1053 and 793314.
81
Calculate the highest common factor of 52337550 and 6375.
75
Calculate the highest common divisor of 777 and 631197.
21
Calculate the greatest common factor of 420 and 12468930.
30
Calculate the greatest common divisor of 85728938 and 14006.
298
What is the highest common factor of 170 and 625330?
10
Calculate the highest common divisor of 11 and 4775727.
11
Calculate the greatest common factor of 548111497 and 43.
43
Calculate the highest common factor of 95749 and 144257.
181
Calculate the greatest common factor of 342 and 51923232.
18
What is the greatest common divisor of 142 and 9442858?
142
Calculate the greatest common divisor of 127886 and 52.
2
What is the greatest common factor of 162 and 3209714?
2
What is the greatest common divisor of 53995784 and 852?
284
What is the greatest common factor of 6968 and 7433248?
536
What is the highest common factor of 1608032815 and 1135?
1135
Calculate the highest common divisor of 78 and 8464794.
78
What is the highest common factor of 731 and 325464592?
731
What is the highest common divisor of 70625 and 705685?
565
Calculate the greatest common divisor of 79841925 and 730.
365
What is the highest common factor of 172388 and 1704?
284
What is the highest common divisor of 45 and 7707435?
15
Calculate the greatest common divisor of 951968 and 1504.
32
What is the greatest common factor of 7952 and 9782948?
1988
Calculate the greatest common factor of 3516043 and 1868.
467
Calculate the greatest common factor of 615114 and 10233.
27
What is the highest common divisor of 7838397 and 315?
63
Calculate the highest common factor of 29842 and 44290.
86
Calculate the highest common divisor of 2035 and 913580690.
2035
What is the highest common factor of 2580 and 18503115?
645
Calculate the highest common divisor of 2460 and 24195945.
615
Calculate the highest common divisor of 12855174 and 6.
6
Calculate the highest common factor of 213402 and 3246.
6
Calculate the greatest common divisor of 335 and 643330.
5
Calculate the highest common divisor of 9159 and 16226695.
3053
What is the highest common divisor of 64836 and 200484?
36
Calculate the greatest common divisor of 2404612 and 672.
28
Calculate the greatest common divisor of 2430 and 46783170.
810
What is the greatest common divisor of 12472325 and 253?
23
What is the greatest common factor of 326484 and 3636?
36
Calculate the greatest common factor of 2053516 and 91202.
2942
What is the greatest common divisor of 703 and 695341?
37
What is the highest common divisor of 250 and 902870?
10
Calculate the greatest common divisor of 3725129 and 13584.
283
What is the greatest common factor of 6560886 and 16005?
291
What is the highest common divisor of 3264832 and 92296?
1112
Calculate the highest common divisor of 525908 and 8.
4
Calculate the highest common divisor of 125384306 and 4826.
4826
What is the highest common factor of 270059736 and 12?
12
What is the highest common factor of 3662 and 49237421?
1831
What is the highest common divisor of 523196736 and 1968?
1968
Calculate the greatest common divisor of 546 and 3328.
26
What is the highest common factor of 106 and 11011068?
106
What is the greatest common factor of 13665 and 397500?
15
Calculate the highest common divisor of 4188 and 308073468.
4188
Calculate the highest common divisor of 23520498 and 246.
6
Calculate the highest common divisor of 548 and 9930308.
548
Calculate the greatest common divisor of 16 and 35992288.
